{"id":993,"date":"2015-03-11T12:57:24","date_gmt":"2015-03-11T12:57:24","guid":{"rendered":"http:\/\/labarretina.es\/contacta-2\/"},"modified":"2020-03-26T18:27:06","modified_gmt":"2020-03-26T18:27:06","slug":"contacta","status":"publish","type":"page","link":"https:\/\/labarretina.es\/es\/contacta\/","title":{"rendered":"Contacta"},"content":{"rendered":"<div class=\"contact-map\"><iframe loading=\"lazy\" style=\"border: 0;\" src=\"https:\/\/www.google.com\/maps\/embed?pb=!1m14!1m8!1m3!1d23845.4157660931!2d2.2421796!3d41.6627209!3m2!1i1024!2i768!4f13.1!3m3!1m2!1s0x12a4c43020f7a5d3%3A0x400fae021a40250!2sLa+Ametlla%2C+Barcelona!5e0!3m2!1ses!2ses!4v1454923196336\" width=\"600\" height=\"450\" frameborder=\"0\" allowfullscreen=\"allowfullscreen\"><\/iframe><\/div>\n<p>[row]<br \/>\n[column md=\u00bb6&#8243; class=\u00bbasd\u00bb]<\/p>\n<h2 class=\"contact-us underline\">Informaci\u00f3n de contacto<\/h2>\n<p>La gama de productos tanto de pasteler\u00eda, catering como de panader\u00eda es muy amplia, pero\u00a0<strong>La Barretina<\/strong> continua apostando por una elaboraci\u00f3n sin prisas. Nuestro equipo ofrece argumentos de peso para consumir\u00a0<strong>pan artesano<\/strong>: \u00bb creemos que el pan bien hecho, con el reposo que se merece, da todo el sabor y aroma de un buen pan\u00bb. Y creemos que esto solo lo puede proporcionar el panadero artesano.<\/p>\n<p>Nuestro objetivo es poder llegar a aquellos clientes que viven a las afueras del pueblo o urbanizaciones, ofreciendo comodidad y servicio a domicilio.<\/p>\n<p>Para m\u00e1s informaci\u00f3n llamen al\u00a0<strong>677 20 10 90 <\/strong>o rellenen el formulario de la derecha<\/p>\n<p class=\"contact-info\">Zona: L&#8217;Ametlla del Vall\u00e8s i La Garriga<\/p>\n<p class=\"contact-info\">Email: <a href=\"mailto:info@labarretina.es\">info@labarretina.es<\/a><\/p>\n<p>[\/column]<br \/>\n[column md=\u00bb6&#8243;]<\/p>\n<h2 class=\"contact-us underline\">Formulario<\/h2>\n<p>[contact-form-7 id=\u00bb2084&#8243; title=\u00bbcontac-form-castellano\u00bb]<br \/>\n[\/column]<br \/>\n[\/row]<\/p>\n","protected":false},"excerpt":{"rendered":"<p>[row] [column md=\u00bb6&#8243; class=\u00bbasd\u00bb] Informaci\u00f3n de contacto La gama de productos tanto de pasteler\u00eda, catering como de panader\u00eda es muy amplia, pero\u00a0La Barretina continua apostando por una elaboraci\u00f3n sin prisas. Nuestro equipo ofrece argumentos de peso para consumir\u00a0pan artesano: \u00bb creemos que el pan bien hecho, con el reposo que se merece, da todo el [&hellip;]<\/p>\n","protected":false},"author":1,"featured_media":0,"parent":0,"menu_order":0,"comment_status":"closed","ping_status":"open","template":"","meta":[],"_links":{"self":[{"href":"https:\/\/labarretina.es\/es\/wp-json\/wp\/v2\/pages\/993"}],"collection":[{"href":"https:\/\/labarretina.es\/es\/wp-json\/wp\/v2\/pages"}],"about":[{"href":"https:\/\/labarretina.es\/es\/wp-json\/wp\/v2\/types\/page"}],"author":[{"embeddable":true,"href":"https:\/\/labarretina.es\/es\/wp-json\/wp\/v2\/users\/1"}],"replies":[{"embeddable":true,"href":"https:\/\/labarretina.es\/es\/wp-json\/wp\/v2\/comments?post=993"}],"version-history":[{"count":5,"href":"https:\/\/labarretina.es\/es\/wp-json\/wp\/v2\/pages\/993\/revisions"}],"predecessor-version":[{"id":2458,"href":"https:\/\/labarretina.es\/es\/wp-json\/wp\/v2\/pages\/993\/revisions\/2458"}],"wp:attachment":[{"href":"https:\/\/labarretina.es\/es\/wp-json\/wp\/v2\/media?parent=993"}],"curies":[{"name":"wp","href":"https:\/\/api.w.org\/{rel}","templated":true}]}}

<div class="contact-map"><iframe loading="lazy" style="border: 0;" src="https://www.google.com/maps/embed?pb=!1m14!1m8!1m3!1d23845.4157660931!2d2.2421796!3d41.6627209!3m2!1i1024!2i768!4f13.1!3m3!1m2!1s0x12a4c43020f7a5d3%3A0x400fae021a40250!2sLa+Ametlla%2C+Barcelona!5e0!3m2!1ses!2ses!4v1454923196336" width="600" height="450" frameborder="0" allowfullscreen="allowfullscreen"></iframe></div>
<p>[row]<br />
[column md=»6&#8243; class=»asd»]</p>
<h2 class="contact-us underline">Información de contacto</h2>
<p>La gama de productos tanto de pastelería, catering como de panadería es muy amplia, pero <strong>La Barretina</strong> continua apostando por una elaboración sin prisas. Nuestro equipo ofrece argumentos de peso para consumir <strong>pan artesano</strong>: » creemos que el pan bien hecho, con el reposo que se merece, da todo el sabor y aroma de un buen pan». Y creemos que esto solo lo puede proporcionar el panadero artesano.</p>
<p>Nuestro objetivo es poder llegar a aquellos clientes que viven a las afueras del pueblo o urbanizaciones, ofreciendo comodidad y servicio a domicilio.</p>
<p>Para más información llamen al <strong>677 20 10 90 </strong>o rellenen el formulario de la derecha</p>
<p class="contact-info">Zona: L&#8217;Ametlla del Vallès i La Garriga</p>
<p class="contact-info">Email: <a href="mailto:info@labarretina.es">info@labarretina.es</a></p>
<p>[/column]<br />
[column md=»6&#8243;]</p>
<h2 class="contact-us underline">Formulario</h2>
<p>[contact-form-7 id=»2084&#8243; title=»contac-form-castellano»]<br />
[/column]<br />
[/row]</p>

<p>[row] [column md=»6&#8243; class=»asd»] Información de contacto La gama de productos tanto de pastelería, catering como de panadería es muy amplia, pero La Barretina continua apostando por una elaboración sin prisas. Nuestro equipo ofrece argumentos de peso para consumir pan artesano: » creemos que el pan bien hecho, con el reposo que se merece, da todo el [&hellip;]</p>
