{"id":998,"date":"2016-01-25T09:51:02","date_gmt":"2016-01-25T09:51:02","guid":{"rendered":"http:\/\/labarretina.es\/qui-som-2\/"},"modified":"2020-01-08T20:14:59","modified_gmt":"2020-01-08T20:14:59","slug":"quienes-somos","status":"publish","type":"page","link":"https:\/\/labarretina.es\/es\/quienes-somos\/","title":{"rendered":"Quienes Somos"},"content":{"rendered":"<p>Con sede en\u00a0la Ametlla del Vall\u00e8s,\u00a0distribuimos todo tipo de\u00a0<strong>pan\u00a0y boller\u00eda\u00a0a domicilio, 7 d\u00edas a la semana a primera hora de la ma\u00f1ana<\/strong>, para que usted pueda disfrutar del pan reci\u00e9n hecho sin salir de casa.<\/p>\n<p>Nuestro\u00a0<strong>producto es 100% artesano\u00a0y de primera calidad<\/strong>, no proviene de masa congelada,\u00a0se cuece a\u00a0diario\u00a0en el horno y se reparte reci\u00e9n hecho para que usted lo tenga en la puerta de su casa en optimas condiciones.<\/p>\n<h3>\u00bfQu\u00e9 productos servimos?<\/h3>\n<p>Disponemos de todo tipo de pan\u00a0y productos de boller\u00eda\u00a0y pasteler\u00eda. Panes especiales, de espelta, trigo,\u00a0cereales&#8230;etc<\/p>\n<p><strong><span title=\"Pot consultar tota la gamma a la nostra p\u00e0gina de productes. \">Puede consultar toda la gama en nuestra <a href=\"\/?page_id=996\">p\u00e1gina de productos<\/a><\/span><\/strong><\/p>\n<h3>Que ofrecemos?<\/h3>\n<p>La Barretina ofrece un servicio diario (de\u00a0lunes a domingo) de entrega a domicilio de productos de panader\u00eda artesanales.<\/p>\n<h3>\u00bfC\u00f3mo funciona?<\/h3>\n<p><span title=\"Vost\u00e8 tindr\u00e0 durant el mat\u00ed els seus productes di\u00e0riament en una b\u00fastia panera que li proporcionem nosaltres durant la vigencia del servei. \">Usted tendr\u00e1 a lo largo de la ma\u00f1ana sus productos diariamente en un buz\u00f3n panera que le proporcionamos nosotros durante la vigencia del servicio<\/span><\/p>\n<h3>\u00bfQu\u00e9 coste tiene el servicio?<\/h3>\n<p><span title=\"Es un servei gratu\u00eft, sense cap cost addicional, el preu dels productes es el mateix que si vost\u00e8 ho compra al forn. \">Es un servicio gratuito, sin coste adicional, el precio de los productos es el mismo que si usted lo compra en el horno.<\/span><\/p>\n<h3>\u00bfSe debe realizar un pedido m\u00ednimo?<\/h3>\n<p><span title=\"Si, s\u2019ha de fer una comanda m\u00ednima mensual de 20\u20ac. \">Si, hay que hacer un pedido m\u00ednimo mensual de 25 \u20ac.<\/span><\/p>\n<h3>Si me voy de vacaciones se puede cancelar el servicio?<\/h3>\n<p><span title=\"En el cas de marxar de vacances, es pot cancel.lar el servei temporalment, es necessita un pre-av\u00eds de 24h. \">Si usted esta de vacaciones, se puede cancelar el servicio temporalmente. Se necesita un preaviso de 24h.<\/span><\/p>\n<p>Si no dispone de internet,\u00a0le llevaremos un listado.<br \/>\n<strong>Para mas informaci\u00f3n, puede ponerse en <a href=\"\/?page_id=993\">contacto <\/a>con nosotros.<\/strong><\/p>\n","protected":false},"excerpt":{"rendered":"<p>Con sede en\u00a0la Ametlla del Vall\u00e8s,\u00a0distribuimos todo tipo de\u00a0pan\u00a0y boller\u00eda\u00a0a domicilio, 7 d\u00edas a la semana a primera hora de la ma\u00f1ana, para que usted pueda disfrutar del pan reci\u00e9n hecho sin salir de casa. Nuestro\u00a0producto es 100% artesano\u00a0y de primera calidad, no proviene de masa congelada,\u00a0se cuece a\u00a0diario\u00a0en el horno y se reparte reci\u00e9n [&hellip;]<\/p>\n","protected":false},"author":1,"featured_media":0,"parent":0,"menu_order":0,"comment_status":"closed","ping_status":"closed","template":"","meta":[],"_links":{"self":[{"href":"https:\/\/labarretina.es\/es\/wp-json\/wp\/v2\/pages\/998"}],"collection":[{"href":"https:\/\/labarretina.es\/es\/wp-json\/wp\/v2\/pages"}],"about":[{"href":"https:\/\/labarretina.es\/es\/wp-json\/wp\/v2\/types\/page"}],"author":[{"embeddable":true,"href":"https:\/\/labarretina.es\/es\/wp-json\/wp\/v2\/users\/1"}],"replies":[{"embeddable":true,"href":"https:\/\/labarretina.es\/es\/wp-json\/wp\/v2\/comments?post=998"}],"version-history":[{"count":5,"href":"https:\/\/labarretina.es\/es\/wp-json\/wp\/v2\/pages\/998\/revisions"}],"predecessor-version":[{"id":2442,"href":"https:\/\/labarretina.es\/es\/wp-json\/wp\/v2\/pages\/998\/revisions\/2442"}],"wp:attachment":[{"href":"https:\/\/labarretina.es\/es\/wp-json\/wp\/v2\/media?parent=998"}],"curies":[{"name":"wp","href":"https:\/\/api.w.org\/{rel}","templated":true}]}}

<p>Con sede en la Ametlla del Vallès, distribuimos todo tipo de <strong>pan y bollería a domicilio, 7 días a la semana a primera hora de la mañana</strong>, para que usted pueda disfrutar del pan recién hecho sin salir de casa.</p>
<p>Nuestro <strong>producto es 100% artesano y de primera calidad</strong>, no proviene de masa congelada, se cuece a diario en el horno y se reparte recién hecho para que usted lo tenga en la puerta de su casa en optimas condiciones.</p>
<h3>¿Qué productos servimos?</h3>
<p>Disponemos de todo tipo de pan y productos de bollería y pastelería. Panes especiales, de espelta, trigo, cereales&#8230;etc</p>
<p><strong><span title="Pot consultar tota la gamma a la nostra pàgina de productes. ">Puede consultar toda la gama en nuestra <a href="/?page_id=996">página de productos</a></span></strong></p>
<h3>Que ofrecemos?</h3>
<p>La Barretina ofrece un servicio diario (de lunes a domingo) de entrega a domicilio de productos de panadería artesanales.</p>
<h3>¿Cómo funciona?</h3>
<p><span title="Vostè tindrà durant el matí els seus productes diàriament en una bústia panera que li proporcionem nosaltres durant la vigencia del servei. ">Usted tendrá a lo largo de la mañana sus productos diariamente en un buzón panera que le proporcionamos nosotros durante la vigencia del servicio</span></p>
<h3>¿Qué coste tiene el servicio?</h3>
<p><span title="Es un servei gratuït, sense cap cost addicional, el preu dels productes es el mateix que si vostè ho compra al forn. ">Es un servicio gratuito, sin coste adicional, el precio de los productos es el mismo que si usted lo compra en el horno.</span></p>
<h3>¿Se debe realizar un pedido mínimo?</h3>
<p><span title="Si, s’ha de fer una comanda mínima mensual de 20€. ">Si, hay que hacer un pedido mínimo mensual de 25 €.</span></p>
<h3>Si me voy de vacaciones se puede cancelar el servicio?</h3>
<p><span title="En el cas de marxar de vacances, es pot cancel.lar el servei temporalment, es necessita un pre-avís de 24h. ">Si usted esta de vacaciones, se puede cancelar el servicio temporalmente. Se necesita un preaviso de 24h.</span></p>
<p>Si no dispone de internet, le llevaremos un listado.<br />
<strong>Para mas información, puede ponerse en <a href="/?page_id=993">contacto </a>con nosotros.</strong></p>

<p>Con sede en la Ametlla del Vallès, distribuimos todo tipo de pan y bollería a domicilio, 7 días a la semana a primera hora de la mañana, para que usted pueda disfrutar del pan recién hecho sin salir de casa. Nuestro producto es 100% artesano y de primera calidad, no proviene de masa congelada, se cuece a diario en el horno y se reparte recién [&hellip;]</p>
