{"id":2069,"date":"2016-08-20T11:29:11","date_gmt":"2016-08-20T11:30:39","guid":{"rendered":"http:\/\/labarretina.es\/es\/?post_type=product&#038;p=2069"},"modified":"2019-12-12T14:27:22","modified_gmt":"2019-12-12T14:27:22","slug":"chapala-100-arabica-y-organico-descafeinado","status":"publish","type":"product","link":"https:\/\/labarretina.es\/es\/producto\/cafe-es\/chapala-100-arabica-y-organico-descafeinado\/","title":{"rendered":"Chapala 100% Arabica y org\u00e1nico Descafeinado  250 gr Molido o en Grano"},"content":{"rendered":"","protected":false},"excerpt":{"rendered":"<p><strong>Regi\u00f3n<\/strong>: Pico de Orizaba<br \/>\n<strong>Altura<\/strong>: 1400 m<br \/>\n<strong>Finca<\/strong>: Cooperativa<br \/>\n<strong>Zona ecol\u00f3gica<\/strong>: tropical<br \/>\n<strong>Proceso<\/strong>: Descafeinado<br \/>\n<strong>Variadad<\/strong>: Arabica<br \/>\n<strong>Certificaci\u00f3n<\/strong>: Grano 16\/19<br \/>\nUso recomendado: Cafetera italiana, Espresso, Cappuccino, Prensa francesa.<br \/>\nEs un caf\u00e9 mejicano descafeinado de alt\u00edsima calidad, con aromas de chocolate, picante y tabaco. Con un buen cuerpo y sabor muy agradable y suave c\u00edtrico y especies.<\/p>\n","protected":false},"featured_media":0,"template":"","meta":[],"product_cat":[145],"product_tag":[],"_links":{"self":[{"href":"https:\/\/labarretina.es\/es\/wp-json\/wp\/v2\/product\/2069"}],"collection":[{"href":"https:\/\/labarretina.es\/es\/wp-json\/wp\/v2\/product"}],"about":[{"href":"https:\/\/labarretina.es\/es\/wp-json\/wp\/v2\/types\/product"}],"wp:attachment":[{"href":"https:\/\/labarretina.es\/es\/wp-json\/wp\/v2\/media?parent=2069"}],"wp:term":[{"taxonomy":"product_cat","embeddable":true,"href":"https:\/\/labarretina.es\/es\/wp-json\/wp\/v2\/product_cat?post=2069"},{"taxonomy":"product_tag","embeddable":true,"href":"https:\/\/labarretina.es\/es\/wp-json\/wp\/v2\/product_tag?post=2069"}],"curies":[{"name":"wp","href":"https:\/\/api.w.org\/{rel}","templated":true}]}}

Chapala 100% Arabica y orgánico Descafeinado  250 gr Molido o en Grano

<p><strong>Región</strong>: Pico de Orizaba<br />
<strong>Altura</strong>: 1400 m<br />
<strong>Finca</strong>: Cooperativa<br />
<strong>Zona ecológica</strong>: tropical<br />
<strong>Proceso</strong>: Descafeinado<br />
<strong>Variadad</strong>: Arabica<br />
<strong>Certificación</strong>: Grano 16/19<br />
Uso recomendado: Cafetera italiana, Espresso, Cappuccino, Prensa francesa.<br />
Es un café mejicano descafeinado de altísima calidad, con aromas de chocolate, picante y tabaco. Con un buen cuerpo y sabor muy agradable y suave cítrico y especies.</p>
