{"id":2607,"date":"2020-05-07T17:14:03","date_gmt":"2020-05-07T17:47:56","guid":{"rendered":"http:\/\/labarretina.es\/es\/?post_type=product&#038;p=2607"},"modified":"2020-05-07T17:47:56","modified_gmt":"2020-05-07T17:47:56","slug":"jardins-negre-2019","status":"publish","type":"product","link":"https:\/\/labarretina.es\/es\/producto\/vinos-y-cavas\/jardins-negre-2019\/","title":{"rendered":"JARDINS NEGRE 2019"},"content":{"rendered":"","protected":false},"excerpt":{"rendered":"<p>Denominaci\u00f3n de origen: Empord\u00e0 Variedades: Garnatxa Negra (61%), Syrah (25 %), Sams\u00f3 (14 %). Crianza: Vino joven. Nota de cata: Color cereza con ribetes viol\u00e1ceos. El aroma es afrutado, especiado y muy envolvente. En boca es fluido, fresco, equilibrado y con los taninos presentes pero muy suaves que le aportan sedosidad y un agradable paso de boca. Es un vino amable, con un largo postgusto y una marcada personalidad.<\/p>\n","protected":false},"featured_media":2654,"template":"","meta":[],"product_cat":[167],"product_tag":[],"_links":{"self":[{"href":"https:\/\/labarretina.es\/es\/wp-json\/wp\/v2\/product\/2607"}],"collection":[{"href":"https:\/\/labarretina.es\/es\/wp-json\/wp\/v2\/product"}],"about":[{"href":"https:\/\/labarretina.es\/es\/wp-json\/wp\/v2\/types\/product"}],"wp:featuredmedia":[{"embeddable":true,"href":"https:\/\/labarretina.es\/es\/wp-json\/wp\/v2\/media\/2654"}],"wp:attachment":[{"href":"https:\/\/labarretina.es\/es\/wp-json\/wp\/v2\/media?parent=2607"}],"wp:term":[{"taxonomy":"product_cat","embeddable":true,"href":"https:\/\/labarretina.es\/es\/wp-json\/wp\/v2\/product_cat?post=2607"},{"taxonomy":"product_tag","embeddable":true,"href":"https:\/\/labarretina.es\/es\/wp-json\/wp\/v2\/product_tag?post=2607"}],"curies":[{"name":"wp","href":"https:\/\/api.w.org\/{rel}","templated":true}]}}

<p>Denominación de origen: Empordà Variedades: Garnatxa Negra (61%), Syrah (25 %), Samsó (14 %). Crianza: Vino joven. Nota de cata: Color cereza con ribetes violáceos. El aroma es afrutado, especiado y muy envolvente. En boca es fluido, fresco, equilibrado y con los taninos presentes pero muy suaves que le aportan sedosidad y un agradable paso de boca. Es un vino amable, con un largo postgusto y una marcada personalidad.</p>
