{"id":2610,"date":"2020-05-07T17:10:42","date_gmt":"2020-05-07T17:50:41","guid":{"rendered":"http:\/\/labarretina.es\/es\/?post_type=product&#038;p=2610"},"modified":"2020-05-07T17:50:41","modified_gmt":"2020-05-07T17:50:41","slug":"perelada-3-finques","status":"publish","type":"product","link":"https:\/\/labarretina.es\/es\/producto\/vinos-y-cavas\/perelada-3-finques\/","title":{"rendered":"PERELADA 3 FINQUES"},"content":{"rendered":"","protected":false},"excerpt":{"rendered":"<p>Denominaci\u00f3n de origen: Empord\u00e0 Variedades: Sams\u00f3 (30%), Garnatxa (27%), Cabernet Sauvignon (20%), Merlot (18%), Syrah (5%). Crianza: Un a\u00f1o en barrica bordelesa (70% de roble americano tipo fino y 30% franc\u00e9s Allier). Resto en botella. Nota de cata: Color rojo cereza intenso. Predominan los aromas de fruta roja y negra, junto con un toque floral y finas notas de crianza. En boca es amable, equilibrado y con unos taninos maduros. Es un vino de estructura media, con marca personalidad y largo en boca.<\/p>\n","protected":false},"featured_media":2658,"template":"","meta":[],"product_cat":[167],"product_tag":[],"_links":{"self":[{"href":"https:\/\/labarretina.es\/es\/wp-json\/wp\/v2\/product\/2610"}],"collection":[{"href":"https:\/\/labarretina.es\/es\/wp-json\/wp\/v2\/product"}],"about":[{"href":"https:\/\/labarretina.es\/es\/wp-json\/wp\/v2\/types\/product"}],"wp:featuredmedia":[{"embeddable":true,"href":"https:\/\/labarretina.es\/es\/wp-json\/wp\/v2\/media\/2658"}],"wp:attachment":[{"href":"https:\/\/labarretina.es\/es\/wp-json\/wp\/v2\/media?parent=2610"}],"wp:term":[{"taxonomy":"product_cat","embeddable":true,"href":"https:\/\/labarretina.es\/es\/wp-json\/wp\/v2\/product_cat?post=2610"},{"taxonomy":"product_tag","embeddable":true,"href":"https:\/\/labarretina.es\/es\/wp-json\/wp\/v2\/product_tag?post=2610"}],"curies":[{"name":"wp","href":"https:\/\/api.w.org\/{rel}","templated":true}]}}

<p>Denominación de origen: Empordà Variedades: Samsó (30%), Garnatxa (27%), Cabernet Sauvignon (20%), Merlot (18%), Syrah (5%). Crianza: Un año en barrica bordelesa (70% de roble americano tipo fino y 30% francés Allier). Resto en botella. Nota de cata: Color rojo cereza intenso. Predominan los aromas de fruta roja y negra, junto con un toque floral y finas notas de crianza. En boca es amable, equilibrado y con unos taninos maduros. Es un vino de estructura media, con marca personalidad y largo en boca.</p>
