{"id":2669,"date":"2020-06-10T17:24:53","date_gmt":"2020-06-10T17:24:53","guid":{"rendered":"http:\/\/labarretina.es\/es\/producte\/Sense%20categoria\/oli-doliva-verge-extra\/"},"modified":"2020-06-10T17:27:27","modified_gmt":"2020-06-10T17:27:27","slug":"oli-doliva-verge-extra","status":"publish","type":"product","link":"https:\/\/labarretina.es\/es\/producto\/aceites-es\/oli-doliva-verge-extra\/","title":{"rendered":"Aceite de Oliva Virgen Extra"},"content":{"rendered":"<p>Aceite de oliva virgen extra<br \/>\nmono-varietal picual<br \/>\nRecoleci\u00f3n i producci\u00f3n propias (Jaen)<br \/>\nExtracci\u00f3n per decantaci\u00f3n<br \/>\nBajo nivel de acidez (m\u00e1ximo 0.3\u00ba)<br \/>\nProducci\u00f3n integrada y calidad certificada<\/p>\n","protected":false},"excerpt":{"rendered":"<p>Aceite de oliva virgen extra mono-varietal picual Recoleci\u00f3n i producci\u00f3n propias (Jaen) Extracci\u00f3n per decantaci\u00f3n Bajo nivel de acidez (m\u00e1ximo 0.3\u00ba) Producci\u00f3n integrada y calidad certificada<\/p>\n","protected":false},"featured_media":2668,"template":"","meta":[],"product_cat":[170],"product_tag":[171],"_links":{"self":[{"href":"https:\/\/labarretina.es\/es\/wp-json\/wp\/v2\/product\/2669"}],"collection":[{"href":"https:\/\/labarretina.es\/es\/wp-json\/wp\/v2\/product"}],"about":[{"href":"https:\/\/labarretina.es\/es\/wp-json\/wp\/v2\/types\/product"}],"wp:featuredmedia":[{"embeddable":true,"href":"https:\/\/labarretina.es\/es\/wp-json\/wp\/v2\/media\/2668"}],"wp:attachment":[{"href":"https:\/\/labarretina.es\/es\/wp-json\/wp\/v2\/media?parent=2669"}],"wp:term":[{"taxonomy":"product_cat","embeddable":true,"href":"https:\/\/labarretina.es\/es\/wp-json\/wp\/v2\/product_cat?post=2669"},{"taxonomy":"product_tag","embeddable":true,"href":"https:\/\/labarretina.es\/es\/wp-json\/wp\/v2\/product_tag?post=2669"}],"curies":[{"name":"wp","href":"https:\/\/api.w.org\/{rel}","templated":true}]}}

<p>Aceite de oliva virgen extra<br />
mono-varietal picual<br />
Recoleción i producción propias (Jaen)<br />
Extracción per decantación<br />
Bajo nivel de acidez (máximo 0.3º)<br />
Producción integrada y calidad certificada</p>

<p>Aceite de oliva virgen extra mono-varietal picual Recoleción i producción propias (Jaen) Extracción per decantación Bajo nivel de acidez (máximo 0.3º) Producción integrada y calidad certificada</p>
